{"id":56,"date":"2019-07-01T21:25:02","date_gmt":"2019-07-01T20:25:02","guid":{"rendered":"https:\/?page_id=56"},"modified":"2023-06-06T19:48:13","modified_gmt":"2023-06-06T17:48:13","slug":"fachstudienberatung-biologie-und-biotechnologie","status":"publish","type":"page","link":"https:\/\/www.fsbio.rwth-aachen.de\/?page_id=56","title":{"rendered":"Fachstudienberatung Biologie (Lehr\u00e4mtler) und Biotechnologie"},"content":{"rendered":"\n<p><strong>Sprechstunden der Fachstudienberater<\/strong><br><strong>Aktuelle Information zu den Sprechstunden finden Sie <a href=\"http:\/\/www.biologie.rwth-aachen.de\/cms\/Biologie\/Studium\/Kontakt\/~kgv\/Fachstudienberatung\/\">hier<\/a>!<\/strong><br>\n\t&nbsp;<\/p>\n\n\n\n<p><a href=\"https:\/\/www.biologie.rwth-aachen.de\/go\/id\/qrqr\">Hier finden Sie kurze Antworten auf die uns am h\u00e4ufigsten gestellten Fragen von<\/a><br>&#8211; Studieninteressierten &#8211; Sch\u00fclerinnen &amp; Sch\u00fcler<br> &#8211; Studienanf\u00e4ngern (Erstsemester)<br> &#8211; Studieninteressierten &#8211; Interessenten f\u00fcr die Masterstudieng\u00e4nge<br> &#8211; Studienanf\u00e4ngern in den Masterstudieng\u00e4ngen<br> &#8211; Studierenden allgemein&nbsp;<\/p>\n","protected":false},"excerpt":{"rendered":"<p>Sprechstunden der FachstudienberaterAktuelle Information zu den Sprechstunden finden Sie hier! &nbsp; Hier finden Sie kurze Antworten auf die uns am h\u00e4ufigsten gestellten Fragen von&#8211; Studieninteressierten &#8211; Sch\u00fclerinnen &amp; Sch\u00fcler &#8211; Studienanf\u00e4ngern (Erstsemester) &#8211; Studieninteressierten &#8211; Interessenten f\u00fcr die Masterstudieng\u00e4nge &#8211; Studienanf\u00e4ngern in den Masterstudieng\u00e4ngen &#8211; Studierenden allgemein&nbsp;<\/p>\n","protected":false},"author":3,"featured_media":0,"parent":0,"menu_order":0,"comment_status":"closed","ping_status":"closed","template":"","meta":[],"_links":{"self":[{"href":"https:\/\/www.fsbio.rwth-aachen.de\/index.php?rest_route=\/wp\/v2\/pages\/56"}],"collection":[{"href":"https:\/\/www.fsbio.rwth-aachen.de\/index.php?rest_route=\/wp\/v2\/pages"}],"about":[{"href":"https:\/\/www.fsbio.rwth-aachen.de\/index.php?rest_route=\/wp\/v2\/types\/page"}],"author":[{"embeddable":true,"href":"https:\/\/www.fsbio.rwth-aachen.de\/index.php?rest_route=\/wp\/v2\/users\/3"}],"replies":[{"embeddable":true,"href":"https:\/\/www.fsbio.rwth-aachen.de\/index.php?rest_route=%2Fwp%2Fv2%2Fcomments&post=56"}],"version-history":[{"count":5,"href":"https:\/\/www.fsbio.rwth-aachen.de\/index.php?rest_route=\/wp\/v2\/pages\/56\/revisions"}],"predecessor-version":[{"id":1696,"href":"https:\/\/www.fsbio.rwth-aachen.de\/index.php?rest_route=\/wp\/v2\/pages\/56\/revisions\/1696"}],"wp:attachment":[{"href":"https:\/\/www.fsbio.rwth-aachen.de\/index.php?rest_route=%2Fwp%2Fv2%2Fmedia&parent=56"}],"curies":[{"name":"wp","href":"https:\/\/api.w.org\/{rel}","templated":true}]}}