{"id":41,"date":"2019-07-01T21:21:26","date_gmt":"2019-07-01T20:21:26","guid":{"rendered":"https:\/?page_id=41"},"modified":"2025-05-23T00:44:30","modified_gmt":"2025-05-22T23:44:30","slug":"impressum-zu-fsbio-rwth-aachen-de","status":"publish","type":"page","link":"https:\/\/www.fsbio.rwth-aachen.de\/?page_id=41","title":{"rendered":"Impressum"},"content":{"rendered":"<p>\n<!--StartFragment--><\/p>\n\n\n<p>Dieses Impressum gilt f\u00fcr www.fsbio.rwth-aachen.de, fsbio.rwth-aachen.de und web.fsbio.rwth-aachen.de <\/p>\n\n\n\n<h3>Herausgeber<\/h3>\n\n\n\n<p>Fachschaft Biowissenschaften (I\/3) an der RWTH Aachen<br>Worringerweg 1<br>Raum 42A011<br>52074 Aachen<\/p>\n\n\n\n<p>Telefon: +49 241 80 26693 (W\u00e4hrend der \u00d6ffnungszeiten)<br>Fax: +49 241 80 22693<\/p>\n\n\n\n<p>E-Mail: info<em>(at)<\/em>fsbio.rwth-aachen.de<br>Internet: www.fsbio.rwth-aachen.de<\/p>\n\n\n\n<p>Die Fachschaft Biowissenschaften (I\/3) an der RWTH Aachen ist eine Untergliederung der Studierendenschaft der RWTH Aachen, die eine rechtsf\u00e4hige Gliedk\u00f6rperschaft der RWTH Aachen ist.<br>Die Fachschaft wird vertreten durch die Vorsitzenden der Fachschaft F\u00e1tima Loureiro Fern\u00e1ndez und Frank M\u00fcnster.<br>Die Studierendenschaft wird vertreten durch den Vorsitzenden bzw. die Vorsitzende des Allgemeinen Studierendenausschusses (AStA). Wer das aktuell ist, kann auf der\u00a0<a href=\"http:\/\/www.asta.rwth-aachen.de\/\">Homepage des AStA<\/a>\u00a0nachgelesen werden.<\/p>\n\n\n\n<h3>Zust\u00e4ndige Aufsichtsbeh\u00f6rde<\/h3>\n\n\n\n<p>RWTH Aachen<br>Rektorat<br>Templergraben 55<br>52056 Aachen<\/p>\n\n\n\n<h3>Inhaltliche Verantwortlichkeit<\/h3>\n\n\n\n<p>F\u00fcr die Richtigkeit und Aktualit\u00e4t der Inhalte sind die jeweiligen Ersteller der einzelnen Seiten verantwortlich. <\/p>\n\n\n<p><!--EndFragment--><\/p>\n<p><\/p>","protected":false},"excerpt":{"rendered":"<p>Dieses Impressum gilt f\u00fcr www.fsbio.rwth-aachen.de, fsbio.rwth-aachen.de und web.fsbio.rwth-aachen.de Herausgeber Fachschaft Biowissenschaften (I\/3) an der RWTH AachenWorringerweg 1Raum 42A01152074 Aachen Telefon: +49 241 80 26693 (W\u00e4hrend der \u00d6ffnungszeiten)Fax: +49 241 80 22693 E-Mail: info(at)fsbio.rwth-aachen.deInternet: www.fsbio.rwth-aachen.de Die Fachschaft Biowissenschaften (I\/3) an der RWTH Aachen ist eine Untergliederung der Studierendenschaft der RWTH Aachen, die eine rechtsf\u00e4hige Gliedk\u00f6rperschaft der RWTH Aachen ist.Die Fachschaft wird [&hellip;]<\/p>\n","protected":false},"author":3,"featured_media":0,"parent":0,"menu_order":0,"comment_status":"closed","ping_status":"closed","template":"","meta":[],"_links":{"self":[{"href":"https:\/\/www.fsbio.rwth-aachen.de\/index.php?rest_route=\/wp\/v2\/pages\/41"}],"collection":[{"href":"https:\/\/www.fsbio.rwth-aachen.de\/index.php?rest_route=\/wp\/v2\/pages"}],"about":[{"href":"https:\/\/www.fsbio.rwth-aachen.de\/index.php?rest_route=\/wp\/v2\/types\/page"}],"author":[{"embeddable":true,"href":"https:\/\/www.fsbio.rwth-aachen.de\/index.php?rest_route=\/wp\/v2\/users\/3"}],"replies":[{"embeddable":true,"href":"https:\/\/www.fsbio.rwth-aachen.de\/index.php?rest_route=%2Fwp%2Fv2%2Fcomments&post=41"}],"version-history":[{"count":8,"href":"https:\/\/www.fsbio.rwth-aachen.de\/index.php?rest_route=\/wp\/v2\/pages\/41\/revisions"}],"predecessor-version":[{"id":2733,"href":"https:\/\/www.fsbio.rwth-aachen.de\/index.php?rest_route=\/wp\/v2\/pages\/41\/revisions\/2733"}],"wp:attachment":[{"href":"https:\/\/www.fsbio.rwth-aachen.de\/index.php?rest_route=%2Fwp%2Fv2%2Fmedia&parent=41"}],"curies":[{"name":"wp","href":"https:\/\/api.w.org\/{rel}","templated":true}]}}