{"id":2160,"date":"2024-05-22T01:43:46","date_gmt":"2024-05-21T23:43:46","guid":{"rendered":"https:\/\/www.fsbio.rwth-aachen.de\/?page_id=2160"},"modified":"2025-12-04T13:46:58","modified_gmt":"2025-12-04T12:46:58","slug":"was-wir-machen","status":"publish","type":"page","link":"https:\/\/www.fsbio.rwth-aachen.de\/?page_id=2160","title":{"rendered":"Was wir machen"},"content":{"rendered":"\n<p>\u00a710.1 Fachschaftsordnung: \u00abDie Arbeitsgruppen dienen der intensiveren Bearbeitung bestimmter Bereiche der Fachschaftsarbeit.\u00bb<\/p>\n\n\n\n<p>Wir, als Fachschaftsrat, haben viele Aufgaben und Projekte, welche ohne eine ordentliche Aufgabenteilung ein reines Chaos w\u00e4ren. <br>Aus diesem Grund arbeiten wir in sogenannten Arbeitsgruppen (kurz AG).<\/p>\n\n\n\n<p>Aktuell haben wir folgende Arbeitsgruppen:<br>  \u2022  Vorsitz<br>  \u2022  Kasse<br>  \u2022  Erstsemesterarbeit (Bachelor)<br>  \u2022  Erstsemesterarbeit (Master)<br>  \u2022  IT-Administration<br>  \u2022  Materialwart:in<br>  \u2022  Studierendenflur<br>  \u2022  Beauftragte:r f\u00fcr Lehre<br>  \u2022  Beauftragte:r f\u00fcr Gleichstellung<br>  \u2022  Hochschulkommunikation<br>  \u2022  \u00d6ffentlichkeitsarbeit<br>  \u2022  Au\u00dferordentliche Veranstaltungen<br>  \u2022  Verpflegung<br>  \u2022  Nachhaltigkeit<br>  \u2022  Beauftragte:r f\u00fcr Lehramtsangelegenheiten<br>  \u2022  BuFaTa<br>  \u2022  Teambuilding<br>  \u2022  Design-AG<\/p>\n\n\n\n<p>Auf den einzelnen Seiten der Arbeitsgruppen k\u00f6nnt Ihr herausfinden womit sich diese AG besch\u00e4ftigt. Falls euch eine der Arbeitsgruppen interessiert und Ihr euch einbringen wollt, k\u00f6nnt Ihr gerne zu einer unserer Fachschaftsratssitzungen kommen und euer Interesse mitteilen. Wenn euch die Sitzungszeiten nicht passen, k\u00f6nnt Ihr auch einfach die genannten Ansprechpersonen kontaktieren und fragen wie Ihr euch einbringen k\u00f6nnt.<\/p>\n","protected":false},"excerpt":{"rendered":"<p>\u00a710.1 Fachschaftsordnung: \u00abDie Arbeitsgruppen dienen der intensiveren Bearbeitung bestimmter Bereiche der Fachschaftsarbeit.\u00bb Wir, als Fachschaftsrat, haben viele Aufgaben und Projekte, welche ohne eine ordentliche Aufgabenteilung ein reines Chaos w\u00e4ren. Aus diesem Grund arbeiten wir in sogenannten Arbeitsgruppen (kurz AG). Aktuell haben wir folgende Arbeitsgruppen: \u2022 Vorsitz \u2022 Kasse \u2022 Erstsemesterarbeit (Bachelor) \u2022 Erstsemesterarbeit (Master) \u2022 IT-Administration \u2022 Materialwart:in \u2022 Studierendenflur [&hellip;]<\/p>\n","protected":false},"author":3,"featured_media":0,"parent":0,"menu_order":0,"comment_status":"closed","ping_status":"closed","template":"","meta":[],"_links":{"self":[{"href":"https:\/\/www.fsbio.rwth-aachen.de\/index.php?rest_route=\/wp\/v2\/pages\/2160"}],"collection":[{"href":"https:\/\/www.fsbio.rwth-aachen.de\/index.php?rest_route=\/wp\/v2\/pages"}],"about":[{"href":"https:\/\/www.fsbio.rwth-aachen.de\/index.php?rest_route=\/wp\/v2\/types\/page"}],"author":[{"embeddable":true,"href":"https:\/\/www.fsbio.rwth-aachen.de\/index.php?rest_route=\/wp\/v2\/users\/3"}],"replies":[{"embeddable":true,"href":"https:\/\/www.fsbio.rwth-aachen.de\/index.php?rest_route=%2Fwp%2Fv2%2Fcomments&post=2160"}],"version-history":[{"count":6,"href":"https:\/\/www.fsbio.rwth-aachen.de\/index.php?rest_route=\/wp\/v2\/pages\/2160\/revisions"}],"predecessor-version":[{"id":2992,"href":"https:\/\/www.fsbio.rwth-aachen.de\/index.php?rest_route=\/wp\/v2\/pages\/2160\/revisions\/2992"}],"wp:attachment":[{"href":"https:\/\/www.fsbio.rwth-aachen.de\/index.php?rest_route=%2Fwp%2Fv2%2Fmedia&parent=2160"}],"curies":[{"name":"wp","href":"https:\/\/api.w.org\/{rel}","templated":true}]}}